{"id":18,"date":"2021-12-01T22:49:21","date_gmt":"2021-12-01T21:49:21","guid":{"rendered":"https:\/\/www.rubes.cz\/kluk\/?page_id=18"},"modified":"2022-06-14T16:22:44","modified_gmt":"2022-06-14T14:22:44","slug":"kluk-dusniky","status":"publish","type":"page","link":"https:\/\/www.rubes.cz\/kluk\/kluk-dusniky\/","title":{"rendered":"KLUK Du\u0161n\u00edky"},"content":{"rendered":"<header class=\"entry-header\"><\/header>\n<div class=\"entry-content\">\n<p><strong>KLUK Du\u0161n\u00edky s.r.o.<\/strong><br \/>\nDu\u0161n\u00edky 127<br \/>\n413 01 ROUDNICE NAD LABEM<br \/>\nokres Litom\u011b\u0159ice<\/p>\n<p>telefon farma:<br \/>\n416 847 005<br \/>\n\u0159editel\u00a0spole\u010dnosti:<br \/>\n739 233 987<\/p>\n<p>E-mail:<br \/>\n<a href=\"mailto:kluk.dusniky@seznam.cz\">kluk.dusniky@seznam.cz<\/a><\/p>\n<p>&nbsp;<\/p>\n<p>ovocn\u00e1\u0159stv\u00ed:<br \/>\n<em>Ovocn\u00e1\u0159sk\u00e9 st\u0159edisko je zru\u0161eno.<\/em><br \/>\n<em>Sez\u00f3nn\u00ed pracovn\u00edky spole\u010dnost nep\u0159ij\u00edm\u00e1.<\/em><\/p>\n<\/div>\n","protected":false},"excerpt":{"rendered":"<p>KLUK Du\u0161n\u00edky s.r.o. Du\u0161n\u00edky 127 413 01 ROUDNICE NAD LABEM okres Litom\u011b\u0159ice telefon farma: 416 847 005 \u0159editel\u00a0spole\u010dnosti: 739 233 987 E-mail: kluk.dusniky@seznam.cz &nbsp; ovocn\u00e1\u0159stv\u00ed: Ovocn\u00e1\u0159sk\u00e9 st\u0159edisko je zru\u0161eno. Sez\u00f3nn\u00ed pracovn\u00edky spole\u010dnost nep\u0159ij\u00edm\u00e1.<\/p>\n","protected":false},"author":1,"featured_media":0,"parent":0,"menu_order":0,"comment_status":"closed","ping_status":"closed","template":"","meta":{"footnotes":""},"class_list":["post-18","page","type-page","status-publish","hentry"],"_links":{"self":[{"href":"https:\/\/www.rubes.cz\/kluk\/wp-json\/wp\/v2\/pages\/18","targetHints":{"allow":["GET"]}}],"collection":[{"href":"https:\/\/www.rubes.cz\/kluk\/wp-json\/wp\/v2\/pages"}],"about":[{"href":"https:\/\/www.rubes.cz\/kluk\/wp-json\/wp\/v2\/types\/page"}],"author":[{"embeddable":true,"href":"https:\/\/www.rubes.cz\/kluk\/wp-json\/wp\/v2\/users\/1"}],"replies":[{"embeddable":true,"href":"https:\/\/www.rubes.cz\/kluk\/wp-json\/wp\/v2\/comments?post=18"}],"version-history":[{"count":2,"href":"https:\/\/www.rubes.cz\/kluk\/wp-json\/wp\/v2\/pages\/18\/revisions"}],"predecessor-version":[{"id":45,"href":"https:\/\/www.rubes.cz\/kluk\/wp-json\/wp\/v2\/pages\/18\/revisions\/45"}],"wp:attachment":[{"href":"https:\/\/www.rubes.cz\/kluk\/wp-json\/wp\/v2\/media?parent=18"}],"curies":[{"name":"wp","href":"https:\/\/api.w.org\/{rel}","templated":true}]}}