{"id":12,"date":"2021-12-01T22:44:44","date_gmt":"2021-12-01T21:44:44","guid":{"rendered":"https:\/\/www.rubes.cz\/kluk\/?page_id=12"},"modified":"2023-10-19T12:17:24","modified_gmt":"2023-10-19T10:17:24","slug":"rodinna-farma-vlastniku-pudy","status":"publish","type":"page","link":"https:\/\/www.rubes.cz\/kluk\/rodinna-farma-vlastniku-pudy\/","title":{"rendered":"Rodinn\u00e1 farma vlastn\u00edk\u016f p\u016fdy"},"content":{"rendered":"<header class=\"entry-header\"><\/header>\n<div class=\"entry-content\">\n<p>Spole\u010dnost byla zalo\u017eena na ustavuj\u00edc\u00ed sch\u016fzi dne 30. 5. 1992 jako dru\u017estvo sedmi fyzick\u00fdmi osobami \u2013 restituenty zem\u011bd\u011blsk\u00e9ho majetku. V \u010dinnosti bez p\u0159eru\u0161en\u00ed pokra\u010duje jako\u00a0spole\u010dnost s ru\u010den\u00edm omezen\u00edm s p\u016fvodn\u00edmi majiteli.<br \/>\n<span id=\"more-4\"><\/span><\/p>\n<p>Obchodn\u00ed jm\u00e9no: KLUK Du\u0161n\u00edky s.r.o.<br \/>\nS\u00eddlo: Du\u0161n\u00edky\u00a0127, 413 01 Roudnice nad Labem<br \/>\nI\u010cO: 47284161<br \/>\nDI\u010c: CZ 47284161<br \/>\nSpole\u010dnost zapsan\u00e1 v obchodn\u00edm rejst\u0159\u00edku veden\u00e9m Krajsk\u00fdm soudem v \u00dast\u00ed nad Labem odd\u00edl C, vlo\u017eka 36755<\/p>\n<p>Spole\u010dnost m\u00e1\u00a09 spole\u010dn\u00edk\u016f, kte\u0159\u00ed p\u0159em\u011bnili dru\u017estvo s \u00fa\u010dinnost\u00ed ode dne 1.1.2016 na spole\u010dnost\u00a0s ru\u010den\u00edm omezen\u00fdm rozhodnut\u00edm \u010dlensk\u00e9 sch\u016fze konan\u00e9 dne 15.10.2015,\u00a0kter\u00e1 schv\u00e1lila projekt p\u0159em\u011bny ze dne 31.7.2015.<br \/>\nDru\u017estvo nebylo pr\u00e1vn\u00edm n\u00e1stupcem a pokra\u010dovatelem b\u00fdval\u00fdch zem\u011bd\u011blsk\u00fdch podnik\u016f p\u016fsob\u00edc\u00edch za minul\u00e9ho re\u017eimu v regionu.<\/p>\n<p>P\u0159edm\u011btem \u010dinnosti spole\u010dnosti\u00a0je:<\/p>\n<ul>\n<li>zem\u011bd\u011blstv\u00ed, v\u010detn\u011b prodeje nezpracovan\u00fdch zem\u011bd\u011blsk\u00fdch v\u00fdrobk\u016f za \u00fa\u010delem zpracov\u00e1n\u00ed nebo dal\u0161\u00edho prodeje a prodej<\/li>\n<li>koup\u011b zbo\u017e\u00ed za \u00fa\u010delem dal\u0161\u00edho prodeje a prodej<\/li>\n<li>opravy motorov\u00fdch vozidel<\/li>\n<li>v\u00fdroba a opravy zem\u011bd\u011blsk\u00fdch stroj\u016f<\/li>\n<\/ul>\n<p>Spole\u010dnost \u00fasp\u011b\u0161n\u011b hospoda\u0159\u00ed na v\u00edce ne\u017e 600 ha p\u016fdy. Z najat\u00e9ho majetku, kter\u00fd spole\u010dnost pou\u017e\u00edv\u00e1, plat\u00ed vlastn\u00edk\u016fm pravideln\u011b a v \u0159\u00e1dn\u00e9m term\u00ednu smluvn\u00ed n\u00e1jemn\u00e9. Spole\u010dnost pln\u00ed sv\u00e9 z\u00e1vazky ve lh\u016ft\u011b splatnosti.<\/p>\n<p>KLUK Du\u0161n\u00edky je \u010dlenem Svazu chovatel\u016f \u010dernostrakat\u00e9ho skotu \u010cR a Odbytov\u00e9ho dru\u017estva p\u011bstitel\u016f ovoce a zeleniny \u010cech a Moravy.<\/p>\n<p>Z ve\u0159ejn\u00fdch aktivit lze jmenovat podporu mezin\u00e1rodn\u00edho <a href=\"https:\/\/roudnice-airport.cz\/letecky-den\/\" target=\"_blank\" rel=\"noopener\">Air show<\/a> konan\u00e9ho na leti\u0161ti v Roudnici nad Labem nebo podporu archeologick\u00e9ho v\u00fdzkumu <a href=\"https:\/\/litomericky.denik.cz\/zpravy_region\/archeologove-mohyla-dusniky-20220428.html\" target=\"_blank\" rel=\"noopener\">nejstar\u0161\u00ed evropsk\u00e9 mohyly<\/a> v katastru obce Du\u0161n\u00edky.<\/p>\n<p><img loading=\"lazy\" decoding=\"async\" class=\"alignnone wp-image-7 size-full\" src=\"https:\/\/www.rubes.cz\/kluk\/wp-content\/uploads\/2021\/12\/mak-dusniky-2.png\" alt=\"\" width=\"700\" height=\"209\" srcset=\"https:\/\/www.rubes.cz\/kluk\/wp-content\/uploads\/2021\/12\/mak-dusniky-2.png 700w, https:\/\/www.rubes.cz\/kluk\/wp-content\/uploads\/2021\/12\/mak-dusniky-2-300x90.png 300w, https:\/\/www.rubes.cz\/kluk\/wp-content\/uploads\/2021\/12\/mak-dusniky-2-624x186.png 624w\" sizes=\"auto, (max-width: 700px) 100vw, 700px\" \/><\/p>\n<\/div>\n","protected":false},"excerpt":{"rendered":"<p>Spole\u010dnost byla zalo\u017eena na ustavuj\u00edc\u00ed sch\u016fzi dne 30. 5. 1992 jako dru\u017estvo sedmi fyzick\u00fdmi osobami \u2013 restituenty zem\u011bd\u011blsk\u00e9ho majetku. V \u010dinnosti bez p\u0159eru\u0161en\u00ed pokra\u010duje jako\u00a0spole\u010dnost s ru\u010den\u00edm omezen\u00edm s p\u016fvodn\u00edmi majiteli. Obchodn\u00ed jm\u00e9no: KLUK Du\u0161n\u00edky s.r.o. S\u00eddlo: Du\u0161n\u00edky\u00a0127, 413 01 Roudnice nad Labem I\u010cO: 47284161 DI\u010c: CZ 47284161 Spole\u010dnost zapsan\u00e1 v obchodn\u00edm rejst\u0159\u00edku veden\u00e9m Krajsk\u00fdm soudem v \u00dast\u00ed nad Labem&#8230; <a href=\"https:\/\/www.rubes.cz\/kluk\/rodinna-farma-vlastniku-pudy\/\">Read more &raquo;<\/a><\/p>\n","protected":false},"author":1,"featured_media":0,"parent":0,"menu_order":0,"comment_status":"closed","ping_status":"closed","template":"","meta":{"footnotes":""},"class_list":["post-12","page","type-page","status-publish","hentry"],"_links":{"self":[{"href":"https:\/\/www.rubes.cz\/kluk\/wp-json\/wp\/v2\/pages\/12","targetHints":{"allow":["GET"]}}],"collection":[{"href":"https:\/\/www.rubes.cz\/kluk\/wp-json\/wp\/v2\/pages"}],"about":[{"href":"https:\/\/www.rubes.cz\/kluk\/wp-json\/wp\/v2\/types\/page"}],"author":[{"embeddable":true,"href":"https:\/\/www.rubes.cz\/kluk\/wp-json\/wp\/v2\/users\/1"}],"replies":[{"embeddable":true,"href":"https:\/\/www.rubes.cz\/kluk\/wp-json\/wp\/v2\/comments?post=12"}],"version-history":[{"count":4,"href":"https:\/\/www.rubes.cz\/kluk\/wp-json\/wp\/v2\/pages\/12\/revisions"}],"predecessor-version":[{"id":49,"href":"https:\/\/www.rubes.cz\/kluk\/wp-json\/wp\/v2\/pages\/12\/revisions\/49"}],"wp:attachment":[{"href":"https:\/\/www.rubes.cz\/kluk\/wp-json\/wp\/v2\/media?parent=12"}],"curies":[{"name":"wp","href":"https:\/\/api.w.org\/{rel}","templated":true}]}}